
6360989
List the prime factors of 15320614.
2, 7660307
List the prime factors of 6376915.
5, 73, 17471
List the prime factors of 340474.
2, 37, 43, 107
List the prime factors of 828649.
828649
List the prime factors of 1549256.
2, 31, 6247
What are the prime factors of 2084567?
2084567
What are the prime factors of 385101?
3, 17, 839
What are the prime factors of 24198183?
3, 99581
What are the prime factors of 281664?
2, 3, 163
List the prime factors of 111566.
2, 7, 13, 613
What are the prime factors of 508760?
2, 5, 7, 23, 79
What are the prime factors of 258067?
258067
What are the prime factors of 2868047?
7, 13, 31517
List the prime factors of 9035.
5, 13, 139
List the prime factors of 6813511.
6813511
What are the prime factors of 329431?
329431
What are the prime factors of 539802?
2, 3, 29989
List the prime factors of 20497360.
2, 5, 13, 19709
What are the prime factors of 21589580?
2, 5, 887, 1217
List the prime factors of 2426826.
2, 3, 631, 641
What are the prime factors of 3435875?
5, 27487
What are the prime factors of 4739851?
257, 18443
What are the prime factors of 551097?
3, 20411
List the prime factors of 93152.
2, 41, 71
List the prime factors of 708608.
2, 173
What are the prime factors of 62960?
2, 5, 787
List the prime factors of 5955523.
7, 487, 1747
List the prime factors of 2281834.
2, 73, 15629
What are the prime factors of 74252?
2, 19, 977
What are the prime factors of 2467037?
71, 34747
What are the prime factors of 22003987?
1277, 17231
List the prime factors of 279448.
2, 13, 2687
List the prime factors of 404831.
7, 151, 383
What are the prime factors of 18006593?
11, 29, 47, 1201
List the prime factors of 24970008.
2, 3, 7, 17, 1249
List the prime factors of 1209850.
2, 5, 24197
List the prime factors of 1714553.
1031, 1663
What are the prime factors of 77490?
2, 3, 5, 7, 41
What are the prime factors of 996969?
3, 439, 757
What are the prime factors of 328216?
2, 7, 5861
List the prime factors of 261238.
2, 130619
What are the prime factors of 899818?
2, 43, 10463
What are the prime factors of 98591?
19, 5189
What are the prime factors of 93353?
13, 43, 167
List the prime factors of 1491879.
3, 509, 977
What are the prime factors of 41373?
3, 4597
What are the prime factors of 358223?
358223
What are the prime factors of 480020?
2, 5, 24001
What are the prime factors of 156866?
2, 41, 1913
What are the prime factors of 354401?
354401
List the prime factors of 6432828.
2, 3, 536069
List the prime factors of 339985.
5, 97, 701
List the prime factors of 3857509.
37, 137, 761
List the prime factors of 58481.
58481
List the prime factors of 769824.
2, 3, 11
What are the prime factors of 22981?
7, 67
List the prime factors of 822182.
2, 31, 89, 149
What are the prime factors of 213545?
5, 42709
List the prime factors of 1457455.
5, 291491
List the prime factors of 104942.
2, 137, 383
List the prime factors of 1702100.
2, 5, 17021
What are the prime factors of 37127934?
2, 3, 23, 89681
List the prime factors of 21325729.
2837, 7517
What are the prime factors of 1098877?
13, 137, 617
List the prime factors of 179198.
2, 89599
List the prime factors of 436437.
3, 71, 683
What are the prime factors of 685449?
3, 53, 479
What are the prime factors of 2642671?
103, 25657
List the prime factors of 381208.
2, 17, 2803
What are the prime factors of 872722?
2, 131, 3331
What are the prime factors of 148620?
2, 3, 5, 2477
List the prime factors of 2156273.
7, 23, 59, 227
What are the prime factors of 2297628?
2, 3, 63823
List the prime factors of 865591.
865591
What are the prime factors of 3569663?
19, 187877
List the prime factors of 7483027.
23, 325349
List the prime factors of 13040952.
2, 3, 29, 41, 457
What are the prime factors of 3961813?
3961813
List the prime factors of 7594648.
2, 17, 55843
List the prime factors of 3743459.
3743459
List the prime factors of 490097.
490097
List the prime factors of 16966611.
3, 67, 83, 113
List the prime factors of 4126084.
2, 1031521
What are the prime factors of 453074?
2, 19, 11923
List the prime factors of 5331340.
2, 5, 7, 113, 337
List the prime factors of 21603.
3, 19, 379
List the prime factors of 4455406.
2, 151, 14753
What are the prime factors of 9995008?
2, 39043
What are the prime factors of 198054?
2, 3, 11003
What are the prime factors of 2256160?
2, 5, 59, 239
What are the prime factors of 441947?
11, 40177
What are the prime factors of 1366528?
2, 17, 157
What are the prime factors of 1811143?
83, 21821
List the prime factors of 58183.
83, 701
List the prime factors of 6540557.
6540557
What are the prime factors of 4050?
2, 3, 5
What are the prime factors of 7494366?
2, 3, 11, 23, 4937
List the prime factors of 14148242.
2, 7074121
What are the prime factors of 9802121?
7, 1400303
What are the prime factors of 288105?
3, 5, 19207
What are the prime factors of 971526?
2, 3, 161921
What are the prime factors of 3312481?
181, 18301
List the prime factors of 598509.
3, 821
List the prime factors of 20207549.
43, 269, 1747
List the prime factors of 877549.
211, 4159
What are the prime factors of 2307592?
2, 7, 89, 463
What are the prime factors of 15834094?
2, 7917047
List the prime factors of 110782.
2, 7, 41, 193
List the prime factors of 771183.
3, 7, 12241
List the prime factors of 24445.
5, 4889
What are the prime factors of 533479?
31, 17209
What are the prime factors of 304554?
2, 3, 193, 263
What are the prime factors of 1470849?
3, 490283
What are the prime factors of 251874?
2, 3, 7, 1999
List the prime factors of 1145544.
2, 3, 59, 809
List the prime factors of 275819.
29, 9511
What are the prime factors of 687748?
2, 171937
List the prime factors of 2833740.
2, 3, 5, 7, 13, 173
What are the prime factors of 1431318?
2, 3, 7, 53, 643
What are the prime factors of 1964052?
2, 3, 89, 613
What are the prime factors of 3325705?
5, 665141
List the prime factors of 309943.
281, 1103
What are the prime factors of 5530018?
2, 13, 16361
What are the prime factors of 26446142?
2, 13223071
What are the prime factors of 1661488?
2, 103843
What are the prime factors of 82480?
2, 5, 1031
List the prime factors of 310037.
7, 13, 3407
List the prime factors of 26859266.
2, 7, 1918519
List the prime factors of 95178.
2, 3, 29, 547
List the prime factors of 389957.
389957
List the prime factors of 9601155.
3, 5, 213359
What are the prime factors of 1391054?
2, 7, 67, 1483
What are the prime factors of 63277?
63277
List the prime factors of 114078.
2, 3, 19013
What are the prime factors of 3566880?
2, 3, 5, 2477
List the prime factors of 13165599.
3, 17, 37, 6977
List the prime factors of 185902.
2, 92951
List the prime factors of 916852.
2, 229213
List the prime factors of 117086.
2, 58543
List the prime factors of 116398.
2, 58199
What are the prime factors of 1400836?
2, 67, 5227
List the prime factors of 2334940.
2, 5, 116747
List the prime factors of 676154.
2, 23, 14699
List the prime factors of 1148770.
2, 5, 7, 16411
List the prime factors of 8802495.
3, 5, 13, 41, 367
List the prime factors of 606079.
606079
What are the prime factors of 572195?
5, 13, 8803
List the prime factors of 13926403.
13926403
What are the prime factors of 17180700?
2, 3, 5, 57269
List the prime factors of 1352752.
2, 59, 1433
List the prime factors of 713075.
5, 11, 2593
What are the prime factors of 41318?
2, 73, 283
List the prime factors of 60542.
2, 30271
What are the prime factors of 725111?
725111
List the prime factors of 2774044.
2, 7, 13, 7621
List the prime factors of 2107744.
2, 65867
What are the prime factors of 4562617?
61, 74797
What are the prime factors of 3846078?
2, 3, 73, 2927
List the prime factors of 2635485.
3, 5, 175699
What are the prime factors of 180648?
2, 3, 13, 193
List the prime factors of 500350.
2, 5, 10007
List the prime factors of 4330012.
2, 727, 1489
What are the prime factors of 281430?
2, 3, 5, 53, 59
List the prime factors of 313306.
2, 7, 23, 139
What are the prime factors of 5814427?
149, 39023
List the prime factors of 5512.
2, 13, 53
List the prime factors of 1307165.
5, 261433
What are the prime factors of 1557896?
2, 193, 1009
What are the prime factors of 2113971?
3, 704657
What are the prime factors of 11170475?
5, 446819
What are the prime